).
-6
Let j(p) = -p**2 - 2*p + 6. Suppose -195*l = -4*d - 193*l + 12, l = 4*d - 12. Calculate j(d).
-9
Let q(c) = -2*c - 1 + c + 0*c + 8 + 2 + c**2. Give q(0).
9
Let n(g) be the first derivative of g**5/30 + g**3 - 11. Let d(q) be the third derivative of n(q). Calculate d(1).
4
Let j(d) = -d**3 - 9*d**2 - 10*d - 10. Let s(t) = 2*t + 6. Let z be s(4). Suppose 2*a = 2*x - z, 4*a + 2*x = -2*x - 36. Determine j(a).
6
Suppose 26 = 2*a + 22. Let q(l) = 15*l**2 + 3 - 10*l**a - 6*l**2 - 7*l. Determine q(-8).
-5
Let h(v) be the third derivative of -v**4/24 + v**3/3 + 2*v**2 + 102. What is h(-5)?
7
Let u(k) be the third derivative of -k**6/120 + k**5/5 + k**4/24 - k**3/3 + 3*k**2 - 9*k. Give u(12).
10
Let y(m) be the first derivative of -m**4/4 - 10*m**3/3 - 7*m**2 - 6*m - 129. Calculate y(-9).
39
Let l(t) be the first derivative of -2*t**3/3 + 8*t**2 + 27*t - 658. What is l(9)?
9
Let n(f) = 11 + 68*f - 7*f - 2*f**2 - 79*f. Determine n(-8).
27
Let q(g) = 1 + 1 + 1 - 1 - 18*g + 20*g. Let l(o) = 4 - 3*o + 4*o - 2*o. Let s be l(10). Calculate q(s).
-10
Let r(b) = -67*b**3 + 203*b**3 - 67*b**3 - 70*b**3 + 2*b**2 + 2*b**2. Determine r(4).
0
Let x be 5/(-7) + (-12 - (-1066)/91). Let r(s) = s**3 + s**2. Determine r(x).
0
Let j(l) = l**3 + 0*l**2 - 2 - 4*l + 5*l**2 + 0*l + 0*l. Suppose -5*h - 34 = -4. Determine j(h).
-14
Let a be (-2)/(((-6)/(-3))/6). Let v(l) = -4*l - 2. Let h(w) = -w. Let b(f) = a*h(f) + 2*v(f). Let j(t) = t**3 - 10*t**2 + 9*t - 6. Let q be j(9). What is b(q)?
8
Let y be ((-800)/(-35))/5 - 8/14. Suppose 24 = -g + 5*c - c, -c + 21 = -y*g. Let d(a) = 2*a + 2. Give d(g).
-6
Let f = 14 + -11. Suppose -3 = -0*i + f*i. Let g(m) = -45*m + 35. Let l(y) = -5*y + 4. Let j(p) = -4*g(p) + 35*l(p). Give j(i).
-5
Let a(s) = s**3 - s**2 + 3*s + 5. Let m be a(0). Let x(y) = 7*y - m*y + 23*y. Calculate x(1).
25
Let x(s) = -2*s**2 + 7*s + 1. Suppose 0 = -5*z + 38 - 13. Calculate x(z).
-14
Let n(o) = o**2 + 910 + 4*o - 302 - 307 - 305. Suppose -3*d = 19 - 1. Determine n(d).
8
Let c(r) = -16 + 41 - 11 - 8*r - 14. Determine c(-1).
8
Suppose -603*y + 583*y = 60. Let x(g) = g**3 + 2*g**2 - 4*g - 2. Determine x(y).
1
Let m = 12 + -9. Suppose 4*u + 24 = -2*b, 4*b - m = -u - 23. Let v(s) = -s**2 - 6*s - 4. Give v(b).
4
Suppose 34 = -52*y + 54*y. Suppose 6*t + y = 5. Let h(l) = -l**3 - 3*l**2 - 4*l - 2. Calculate h(t).
2
Suppose -12 + 3 = -3*t. Let a(n) = -2*n**t + 2 - 1 + 2*n + 2*n**3 + n**3 + 2*n**2. Calculate a(-1).
0
Let o(c) be the first derivative of -c**3/3 - 5*c**2 + 6*c + 43. Give o(-10).
6
Let j(s) = 10*s + 29. Let g(k) = k + 5. Let t(h) = 5*g(h) - j(h). Determine t(0).
-4
Suppose 3*n + 2 = 5*n. Let i(k) = -2*k**3 + 8*k**2 - n + 2*k - 6*k**2 + k**3. Let y(z) = z**2 + 3. Let r be y(0). Give i(r).
-4
Suppose 117 = -2*v + 171. Let t(i) = 29 + v + 2*i - 56. Calculate t(1).
2
Let k(h) = -2*h - 4. Let w be (-3)/(-5) + 572/55. Let l(o) = -o**2 + 11*o - 6. Let m be l(w). What is k(m)?
8
Let u be 3/(-2) + 8/(-64)*-28. Let o be 0 + 3 + (1 - 1). Suppose 4*x = o*m - 19 + u, -4*m = -5*x - 21. Let h(t) = -3*t**2 + t + 1. What is h(m)?
-3
Let s(p) = -p**2 - 9*p - 15. Let h = -3 - 3. Let q be s(h). Let j(a) = 2*a**3 - 6*a**2 + 12*a**2 - 4*a + 0*a**q + 2 - 3*a**3. What is j(5)?
7
Let h(r) = r + 6. Let m = -3 - 2. Let a be h(m). Let j(o) be the second derivative of -5*o**3/2 + o**2/2 + 27*o. Determine j(a).
-14
Let m(f) = -3 + 2 + f**2 + 9*f + 1. Suppose -3*c + 20 = c. Suppose 3*o - 2*t + 12 = 0, -20 = 5*o + c*t + 25. Give m(o).
-18
Suppose 8*o - 18 = 6. Let d(k) = 2*k + 5 + 0*k - o - 1. What is d(-4)?
-7
Let w(x) = 3 - 3*x**2 - 847*x + 4*x**2 + 842*x. Let c be (-15)/(-2)*(-2)/(-3). Let q = c - 3. Calculate w(q).
-3
Let o(a) be the second derivative of 1/120*a**5 + 5/12*a**4 + 5/6*a**3 + 0*a**2 + 11*a + 0. Let n(d) be the second derivative of o(d). What is n(-7)?
3
Let g(c) = -1. Let s(r) = -5 - 2*r + 4*r - r. Let h(v) = 6*g(v) - s(v). Suppose -2*a - 5*k + 6 = -9, -15 = 5*a - 5*k. Give h(a).
-1
Let f(c) be the third derivative of 6*c**2 + 5/24*c**4 + 1/720*c**6 + 0*c**3 + 1/120*c**5 + 0 + 0*c. Let p(z) be the second derivative of f(z). Determine p(4).
5
Let l(z) = 22*z + 1. Let v = 574 - 572. Give l(v).
45
Let p(q) = 8*q - 7. Let j(z) = -z + 1. Let u(g) = -14*j(g) - 2*p(g). Suppose 3*f = -11*x + 14*x + 3, -4*f + 3*x = -4. Give u(f).
-2
Let s(v) = -v + 6 - 2*v - 3 - 12 + 7. Give s(6).
-20
Let d(h) = 10*h + 3. Let z(x) = x**2 + 10*x + 14. Let s be z(-8). Let n be (3/s)/((-9)/(-12)). What is d(n)?
-17
Let y(x) = -x**2 + 6*x + 5. Let r(p) = 6*p**2 - 3*p + 2. Let u be r(1). What is y(u)?
10
Suppose -5*f + 5*u + 20 = 0, -f + 12 = 3*f - 2*u. Suppose f*k - 7*k = -15, 5*k = -2*w + 25. Let b(o) = -o**2 - 2*o**3 + o + 0*o**2 + w*o**3. Determine b(1).
3
Let j(l) = 2*l - 6. Let a(q) be the second derivative of -q**3/6 + 11*q**2 + q. Let u be a(16). Determine j(u).
6
Suppose -4*s + 5*j = 3*j + 4, s - 5*j + 1 = 0. Let k be ((-33)/3)/(0 + s). Let u = k + -9. Let l(h) = 2*h + 1. Determine l(u).
5
Let u(v) = 96*v**3 - v**2 - 39*v**3 - 14*v + 13*v + v**2 - v**2. Give u(-1).
-57
Let m(g) = g**2 + 11*g + 5. Let y be m(-11). Suppose 29 + 11 = -y*c - 3*h, 8 = -c + 2*h. Let s(x) = 2*x + 11. What is s(c)?
-5
Let q(x) = -x**3 + 7*x**2 - 5*x - 8. Suppose 0 = -2*f + 6, -8*n + 3*n - 5*f = -270. Let m = 57 - n. What is q(m)?
-2
Suppose 2*l + 7 = w, 5*w + 4*l = -0*l + 21. Suppose -25 = -4*x - w. Let o(f) = 3*f - 4. Let m(k) = -k + 2. Let g(i) = x*m(i) + 2*o(i). What is g(-4)?
-2
Let w(m) = 5*m - 2. Let g(a) = -4*a + 3. Let j(o) = -4*g(o) - 3*w(o). Let u be ((-14)/(-2))/((-84)/(-72)). Calculate j(u).
0
Let s(r) = r**3 - 9*r**2 - 10*r + 2. Let m be s(10). Let n(b) = -2*b**3 + 5*b - 3. What is n(m)?
-9
Let q(k) be the second derivative of k**4/12 - k**3/3 - 2*k**2 + 3*k. Let d be (-4)/(-6) - (-35)/15. Suppose -p = 5*g + 20, -d*p + g - 5*g = 5. What is q(p)?
11
Let p(l) be the first derivative of -l**3/3 + l**2/2 - 3*l + 126. Give p(2).
-5
Let i be ((-2)/(-4))/((10/8)/5). Let q be i/((-1)/((-4)/(-8)*5)). Let o(f) = f**3 + 5*f**2 - 2*f - 6. Determine o(q).
4
Let h = 6 + 3. Let d = 7 - h. Let n(f) = 31 - 14 - 2*f**2 - f**3 - 15 - f. Calculate n(d).
4
Let z(c) = 6 - 6 + 7*c. Let y(o) = 12*o - 1 + 2*o + o. Let b(h) = -6*y(h) + 13*z(h). Determine b(-6).
0
Let i(s) = -23*s - 16. Let d(x) = -12*x - 9. Let q(b) = -5*d(b) + 3*i(b). Give q(-2).
15
Let d be (-6)/4 - (-6)/4. Let p be 3/6*d + 2. Let s(h) = 2*h**p + h**2 - 3*h**3 - 3*h**2 - h**2. What is s(1)?
-4
Suppose 54 + 0 = 3*p. Let d = p - 11. Let c(z) = 4 - z**2 - 5*z + 4*z + 3*z + 4*z. What is c(d)?
-3
Let v(u) = -u**2 - 7*u + 29. Let o be v(-10). Let r(x) = -7*x - 2. What is r(o)?
5
Let k(x) be the third derivative of -x**5/60 + 7*x**4/24 + 5*x**3/6 - 190*x**2. Calculate k(6).
11
Let s be (2 + (-7 - -2))/1. Suppose -4*l - d = -16, -4*l + l = -d - 19. Let n(m) = -6*m - 2 - 2 + l*m. Calculate n(s).
-1
Let j(o) = -7*o + 5. Let m be 16/(-56) + 88/14. Let a(i) = -13*i + 9. Let d(b) = m*a(b) - 11*j(b). Calculate d(3).
-4
Let d(c) = c**2 + c + 1. Suppose -16*v = 12 - 76. Suppose 3 = 3*r + k, v*k = k + 9. What is d(r)?
1
Let o(l) be the second derivative of -l**5/20 + l**4/6 - 2*l**3/3 + 3*l**2/2 + 2*l - 118. Determine o(3).
-18
Let l(u) = -25*u - u**2 + 5 - 4*u - 4*u + 2*u**2. Give l(33).
5
Let y(x) be the first derivative of -2 - 1/2*x**2 + 3*x. Calculate y(-3).
6
Let o(z) = z**3 + 6*z**2 - 8*z - 3. Let v(h) = -15*h - 5. Let q be v(-1). Let p = 3 - q. Calculate o(p).
4
Let i(q) be the first derivative of -q**2/2 - 11*q + 57. Give i(9).
-20
Let p(t) = -29*t - 349. Let y be p(-12). Let z(k) = -15*k**2 - 1. Calculate z(y).
-16
Let i(s) be the second derivative of 3/2*s**2 + 4*s + 1/2*s**3 + 1/20*s**5 + 1/6*s**4 + 0. Calculate i(-2).
-3
Let p = -22 - -22. Suppose p + 3 = -3*b. Let u(m) = -14*m**3 + 2*m**2 - 1. What is u(b)?
15
Let f(b) be the first derivative of -b**4/4 - 2*b**3/3 + 3*b**2 + 6*b - 293. Give f(-3).
-3
Let v(w) = w**2 - 13. Let b(f) = f - 1. Let y(q) = 3*b(q) + v(q). Determine y(-5).
-6
Let c = 1 - 2. Let l(v) be the second derivative of 7*v**3/6 - v - 24. What is l(c)?
-7
Let f(z) = -z - 1. Let o(v) = 16*v - 1. Let j be o(-1). Let i = 22 + j. Suppose -5*k = -2*d + 27, k + 18 = -i*d - 9. What is f(k)?
6
Let j(y) = 35*y**3 + 9*y**2 + 2*y. Let k(o) = -17*o*